{"id":27,"date":"2024-08-18T03:58:09","date_gmt":"2024-08-18T03:58:09","guid":{"rendered":"https:\/\/mediacionfamiliarmauu.cl\/?page_id=27"},"modified":"2025-06-14T15:58:22","modified_gmt":"2025-06-14T15:58:22","slug":"valores","status":"publish","type":"page","link":"https:\/\/www.mediacionfamiliarmauu.cl\/?page_id=27","title":{"rendered":"Servicios"},"content":{"rendered":"\t\t<div data-elementor-type=\"wp-page\" data-elementor-id=\"27\" class=\"elementor elementor-27\">\n\t\t\t\t<div class=\"elementor-element elementor-element-16be79f e-flex e-con-boxed e-con e-parent\" data-id=\"16be79f\" data-element_type=\"container\" data-settings=\"{&quot;background_background&quot;:&quot;classic&quot;}\">\n\t\t\t\t\t<div class=\"e-con-inner\">\n\t\t\t\t\t<\/div>\n\t\t\t\t<\/div>\n\t\t<div class=\"elementor-element elementor-element-70195f6 e-grid e-con-full e-con e-parent\" data-id=\"70195f6\" data-element_type=\"container\">\n\t\t\t\t<div class=\"elementor-element elementor-element-83d134c elementor-widget elementor-widget-text-editor\" data-id=\"83d134c\" data-element_type=\"widget\" data-widget_type=\"text-editor.default\">\n\t\t\t\t<div class=\"elementor-widget-container\">\n\t\t\t\t\t\t\t<h1 style=\"text-align: center;\"><strong style=\"font-style: inherit; color: #040666; font-size: 2.82353rem; background-color: var(--ast-global-color-5);\"><em>Agenda tu mediaci\u00f3n familiar en 48 horas.<\/em><\/strong><\/h1>\t\t\t\t\t\t<\/div>\n\t\t\t\t<\/div>\n\t\t\t\t<div class=\"elementor-element elementor-element-35500a1 elementor-widget elementor-widget-text-editor\" data-id=\"35500a1\" data-element_type=\"widget\" data-widget_type=\"text-editor.default\">\n\t\t\t\t<div class=\"elementor-widget-container\">\n\t\t\t\t\t\t\t<p style=\"text-align: center;\"><em><span style=\"color: #040666;\"><strong>\u00a0 \u00a0 Servicio Mediaci\u00f3n Familiar<\/strong><\/span><\/em><\/p><p style=\"text-align: center;\"><span style=\"color: #040666;\"><em>Valor: $100.000 CLP.<\/em><\/span><\/p><p style=\"text-align: center;\"><span style=\"color: #040666;\"><em>\u00a0(Incluye asesor\u00eda durante todo el proceso, citaciones v\u00eda correo electr\u00f3nico, sesi\u00f3n de 60 minutos v\u00eda MEET de mediaci\u00f3n familiar, acta de mediaci\u00f3n familiar y entrega de resoluci\u00f3n judicial)<\/em><\/span><\/p>\t\t\t\t\t\t<\/div>\n\t\t\t\t<\/div>\n\t\t\t\t<\/div>\n\t\t<div class=\"elementor-element elementor-element-7eef735 e-flex e-con-boxed e-con e-parent\" data-id=\"7eef735\" data-element_type=\"container\">\n\t\t\t\t\t<div class=\"e-con-inner\">\n\t\t\t\t<div class=\"elementor-element elementor-element-c1da217 elementor-align-center elementor-widget elementor-widget-button\" data-id=\"c1da217\" data-element_type=\"widget\" data-widget_type=\"button.default\">\n\t\t\t\t<div class=\"elementor-widget-container\">\n\t\t\t\t\t<div class=\"elementor-button-wrapper\">\n\t\t\t<a class=\"elementor-button elementor-button-link elementor-size-sm\" href=\"https:\/\/wa.me\/message\/3GOCTMBY576NK1\">\n\t\t\t\t\t\t<span class=\"elementor-button-content-wrapper\">\n\t\t\t\t\t\t<span class=\"elementor-button-icon\">\n\t\t\t\t<svg aria-hidden=\"true\" class=\"e-font-icon-svg e-far-calendar-plus\" viewBox=\"0 0 448 512\" xmlns=\"http:\/\/www.w3.org\/2000\/svg\"><path d=\"M336 292v24c0 6.6-5.4 12-12 12h-76v76c0 6.6-5.4 12-12 12h-24c-6.6 0-12-5.4-12-12v-76h-76c-6.6 0-12-5.4-12-12v-24c0-6.6 5.4-12 12-12h76v-76c0-6.6 5.4-12 12-12h24c6.6 0 12 5.4 12 12v76h76c6.6 0 12 5.4 12 12zm112-180v352c0 26.5-21.5 48-48 48H48c-26.5 0-48-21.5-48-48V112c0-26.5 21.5-48 48-48h48V12c0-6.6 5.4-12 12-12h40c6.6 0 12 5.4 12 12v52h128V12c0-6.6 5.4-12 12-12h40c6.6 0 12 5.4 12 12v52h48c26.5 0 48 21.5 48 48zm-48 346V160H48v298c0 3.3 2.7 6 6 6h340c3.3 0 6-2.7 6-6z\"><\/path><\/svg>\t\t\t<\/span>\n\t\t\t\t\t\t\t\t\t<span class=\"elementor-button-text\">Agenda aqu\u00ed<\/span>\n\t\t\t\t\t<\/span>\n\t\t\t\t\t<\/a>\n\t\t<\/div>\n\t\t\t\t<\/div>\n\t\t\t\t<\/div>\n\t\t\t\t\t<\/div>\n\t\t\t\t<\/div>\n\t\t<div class=\"elementor-element elementor-element-1c3a36b e-flex e-con-boxed e-con e-parent\" data-id=\"1c3a36b\" data-element_type=\"container\" data-settings=\"{&quot;background_background&quot;:&quot;classic&quot;}\">\n\t\t\t\t\t<div class=\"e-con-inner\">\n\t\t\t\t\t<\/div>\n\t\t\t\t<\/div>\n\t\t<div class=\"elementor-element elementor-element-1b01e93 e-grid e-con-full e-con e-parent\" data-id=\"1b01e93\" data-element_type=\"container\">\n\t\t\t\t<div class=\"elementor-element elementor-element-285ec53 elementor-widget elementor-widget-text-editor\" data-id=\"285ec53\" data-element_type=\"widget\" data-widget_type=\"text-editor.default\">\n\t\t\t\t<div class=\"elementor-widget-container\">\n\t\t\t\t\t\t\t<p style=\"text-align: center;\"><em><span style=\"color: #040666;\"><strong>&nbsp;<\/strong><strong>Servicio acta mediaci\u00f3n frustrada por VIF (Violencia intrafamiliar)<\/strong><\/span><\/em><\/p>\n<p style=\"text-align: center;\"><span style=\"color: #040666;\"><em>Valor: $50.000 CLP.<\/em><\/span><\/p>\n<p style=\"text-align: center;\"><span style=\"color: #040666;\"><em>&nbsp;(<\/em>Incluye acta de mediaci\u00f3n frustrada entrega inmediata)<\/span><\/p>\n<p style=\"text-align: center;\">\n<\/p>\t\t\t\t\t\t<\/div>\n\t\t\t\t<\/div>\n\t\t\t\t<div class=\"elementor-element elementor-element-e1447de elementor-widget elementor-widget-image\" data-id=\"e1447de\" data-element_type=\"widget\" data-widget_type=\"image.default\">\n\t\t\t\t<div class=\"elementor-widget-container\">\n\t\t\t\t\t\t\t\t\t\t\t\t\t<img fetchpriority=\"high\" decoding=\"async\" width=\"284\" height=\"300\" src=\"https:\/\/www.mediacionfamiliarmauu.cl\/wp-content\/uploads\/2024\/08\/WhatsApp-Image-2024-08-18-at-16.35.19-284x300.jpeg\" class=\"attachment-medium size-medium wp-image-191\" alt=\"\" srcset=\"https:\/\/www.mediacionfamiliarmauu.cl\/wp-content\/uploads\/2024\/08\/WhatsApp-Image-2024-08-18-at-16.35.19-284x300.jpeg 284w, https:\/\/www.mediacionfamiliarmauu.cl\/wp-content\/uploads\/2024\/08\/WhatsApp-Image-2024-08-18-at-16.35.19.jpeg 520w\" sizes=\"(max-width: 284px) 100vw, 284px\" \/>\t\t\t\t\t\t\t\t\t\t\t\t\t<\/div>\n\t\t\t\t<\/div>\n\t\t\t\t<\/div>\n\t\t<div class=\"elementor-element elementor-element-d0a56d3 e-con-full e-flex e-con e-parent\" data-id=\"d0a56d3\" data-element_type=\"container\">\n\t\t\t\t<div class=\"elementor-element elementor-element-7ffc6bc elementor-mobile-align-center elementor-widget elementor-widget-button\" data-id=\"7ffc6bc\" data-element_type=\"widget\" data-widget_type=\"button.default\">\n\t\t\t\t<div class=\"elementor-widget-container\">\n\t\t\t\t\t<div class=\"elementor-button-wrapper\">\n\t\t\t<a class=\"elementor-button elementor-button-link elementor-size-sm\" href=\"https:\/\/wa.me\/message\/3GOCTMBY576NK1\">\n\t\t\t\t\t\t<span class=\"elementor-button-content-wrapper\">\n\t\t\t\t\t\t<span class=\"elementor-button-icon\">\n\t\t\t\t<svg aria-hidden=\"true\" class=\"e-font-icon-svg e-far-calendar-plus\" viewBox=\"0 0 448 512\" xmlns=\"http:\/\/www.w3.org\/2000\/svg\"><path d=\"M336 292v24c0 6.6-5.4 12-12 12h-76v76c0 6.6-5.4 12-12 12h-24c-6.6 0-12-5.4-12-12v-76h-76c-6.6 0-12-5.4-12-12v-24c0-6.6 5.4-12 12-12h76v-76c0-6.6 5.4-12 12-12h24c6.6 0 12 5.4 12 12v76h76c6.6 0 12 5.4 12 12zm112-180v352c0 26.5-21.5 48-48 48H48c-26.5 0-48-21.5-48-48V112c0-26.5 21.5-48 48-48h48V12c0-6.6 5.4-12 12-12h40c6.6 0 12 5.4 12 12v52h128V12c0-6.6 5.4-12 12-12h40c6.6 0 12 5.4 12 12v52h48c26.5 0 48 21.5 48 48zm-48 346V160H48v298c0 3.3 2.7 6 6 6h340c3.3 0 6-2.7 6-6z\"><\/path><\/svg>\t\t\t<\/span>\n\t\t\t\t\t\t\t\t\t<span class=\"elementor-button-text\">Agenda aqu\u00ed<\/span>\n\t\t\t\t\t<\/span>\n\t\t\t\t\t<\/a>\n\t\t<\/div>\n\t\t\t\t<\/div>\n\t\t\t\t<\/div>\n\t\t\t\t<\/div>\n\t\t<div class=\"elementor-element elementor-element-511c09e e-flex e-con-boxed e-con e-parent\" data-id=\"511c09e\" data-element_type=\"container\" data-settings=\"{&quot;background_background&quot;:&quot;classic&quot;}\">\n\t\t\t\t\t<div class=\"e-con-inner\">\n\t\t\t\t\t<\/div>\n\t\t\t\t<\/div>\n\t\t<div class=\"elementor-element elementor-element-0bbc7fa e-con-full e-flex e-con e-parent\" data-id=\"0bbc7fa\" data-element_type=\"container\">\n\t\t\t\t<div class=\"elementor-element elementor-element-afe333e elementor-widget elementor-widget-heading\" data-id=\"afe333e\" data-element_type=\"widget\" data-widget_type=\"heading.default\">\n\t\t\t\t<div class=\"elementor-widget-container\">\n\t\t\t<h2 class=\"elementor-heading-title elementor-size-default\">M\u00e9todos de pago.<\/h2>\t\t<\/div>\n\t\t\t\t<\/div>\n\t\t\t\t<\/div>\n\t\t<div class=\"elementor-element elementor-element-40baa45 e-flex e-con-boxed e-con e-parent\" data-id=\"40baa45\" data-element_type=\"container\">\n\t\t\t\t\t<div class=\"e-con-inner\">\n\t\t\t\t<div class=\"elementor-element elementor-element-d057732 elementor-widget elementor-widget-text-editor\" data-id=\"d057732\" data-element_type=\"widget\" data-widget_type=\"text-editor.default\">\n\t\t\t\t<div class=\"elementor-widget-container\">\n\t\t\t\t\t\t\t<p style=\"text-align: center;\"><span style=\"color: #040666;\"><em>Transferencias bancarias <\/em><\/span><\/p><p style=\"text-align: center;\"><span style=\"color: #040666;\"><em>Dep\u00f3sitos bancarios<\/em><\/span><\/p>\t\t\t\t\t\t<\/div>\n\t\t\t\t<\/div>\n\t\t\t\t\t<\/div>\n\t\t\t\t<\/div>\n\t\t<div class=\"elementor-element elementor-element-dcecd88 e-flex e-con-boxed e-con e-parent\" data-id=\"dcecd88\" data-element_type=\"container\" data-settings=\"{&quot;background_background&quot;:&quot;classic&quot;}\">\n\t\t\t\t\t<div class=\"e-con-inner\">\n\t\t\t\t\t<\/div>\n\t\t\t\t<\/div>\n\t\t<div class=\"elementor-element elementor-element-e855a78 e-grid e-con-boxed e-con e-parent\" data-id=\"e855a78\" data-element_type=\"container\">\n\t\t\t\t\t<div class=\"e-con-inner\">\n\t\t\t\t<div class=\"elementor-element elementor-element-b934b17 elementor-widget elementor-widget-text-editor\" data-id=\"b934b17\" data-element_type=\"widget\" data-widget_type=\"text-editor.default\">\n\t\t\t\t<div class=\"elementor-widget-container\">\n\t\t\t\t\t\t\t<p style=\"text-align: center;\"><span style=\"color: #040666;\"><em><strong>\u00bfC\u00f3mo acredito que el mediador que est\u00e1 llevando mi caso est\u00e1 acreditado por el Estado de Chile?<\/strong><\/em><\/span><\/p><p style=\"text-align: center;\"><span style=\"color: #040666;\"><em>En este caso cada mediador privado tiene su n\u00famero de registro por el cual nuestra informaci\u00f3n es p\u00fablica, puedes verificar mi identidad en la p\u00e1gina de mediadores de Chile con mi n\u00famero de registro 5689.<\/em><\/span><\/p>\t\t\t\t\t\t<\/div>\n\t\t\t\t<\/div>\n\t\t\t\t\t<\/div>\n\t\t\t\t<\/div>\n\t\t\t\t<\/div>\n\t\t","protected":false},"excerpt":{"rendered":"<p>Agenda tu mediaci\u00f3n familiar en 48 horas. \u00a0 \u00a0 Servicio Mediaci\u00f3n Familiar Valor: $100.000 CLP. \u00a0(Incluye asesor\u00eda durante todo el [&hellip;]<\/p>\n","protected":false},"author":1,"featured_media":0,"parent":0,"menu_order":0,"comment_status":"closed","ping_status":"closed","template":"","meta":{"site-sidebar-layout":"no-sidebar","site-content-layout":"","ast-site-content-layout":"full-width-container","site-content-style":"default","site-sidebar-style":"default","ast-global-header-display":"","ast-banner-title-visibility":"","ast-main-header-display":"","ast-hfb-above-header-display":"","ast-hfb-below-header-display":"","ast-hfb-mobile-header-display":"","site-post-title":"disabled","ast-breadcrumbs-content":"","ast-featured-img":"disabled","footer-sml-layout":"","theme-transparent-header-meta":"","adv-header-id-meta":"","stick-header-meta":"","header-above-stick-meta":"","header-main-stick-meta":"","header-below-stick-meta":"","astra-migrate-meta-layouts":"default","ast-page-background-enabled":"default","ast-page-background-meta":{"desktop":{"background-color":"var(--ast-global-color-4)","background-image":"","background-repeat":"repeat","background-position":"center center","background-size":"auto","background-attachment":"scroll","background-type":"","background-media":"","overlay-type":"","overlay-color":"","overlay-opacity":"","overlay-gradient":""},"tablet":{"background-color":"","background-image":"","background-repeat":"repeat","background-position":"center center","background-size":"auto","background-attachment":"scroll","background-type":"","background-media":"","overlay-type":"","overlay-color":"","overlay-opacity":"","overlay-gradient":""},"mobile":{"background-color":"","background-image":"","background-repeat":"repeat","background-position":"center center","background-size":"auto","background-attachment":"scroll","background-type":"","background-media":"","overlay-type":"","overlay-color":"","overlay-opacity":"","overlay-gradient":""}},"ast-content-background-meta":{"desktop":{"background-color":"var(--ast-global-color-5)","background-image":"","background-repeat":"repeat","background-position":"center center","background-size":"auto","background-attachment":"scroll","background-type":"","background-media":"","overlay-type":"","overlay-color":"","overlay-opacity":"","overlay-gradient":""},"tablet":{"background-color":"var(--ast-global-color-5)","background-image":"","background-repeat":"repeat","background-position":"center center","background-size":"auto","background-attachment":"scroll","background-type":"","background-media":"","overlay-type":"","overlay-color":"","overlay-opacity":"","overlay-gradient":""},"mobile":{"background-color":"var(--ast-global-color-5)","background-image":"","background-repeat":"repeat","background-position":"center center","background-size":"auto","background-attachment":"scroll","background-type":"","background-media":"","overlay-type":"","overlay-color":"","overlay-opacity":"","overlay-gradient":""}},"footnotes":""},"class_list":["post-27","page","type-page","status-publish","hentry"],"_links":{"self":[{"href":"https:\/\/www.mediacionfamiliarmauu.cl\/index.php?rest_route=\/wp\/v2\/pages\/27","targetHints":{"allow":["GET"]}}],"collection":[{"href":"https:\/\/www.mediacionfamiliarmauu.cl\/index.php?rest_route=\/wp\/v2\/pages"}],"about":[{"href":"https:\/\/www.mediacionfamiliarmauu.cl\/index.php?rest_route=\/wp\/v2\/types\/page"}],"author":[{"embeddable":true,"href":"https:\/\/www.mediacionfamiliarmauu.cl\/index.php?rest_route=\/wp\/v2\/users\/1"}],"replies":[{"embeddable":true,"href":"https:\/\/www.mediacionfamiliarmauu.cl\/index.php?rest_route=%2Fwp%2Fv2%2Fcomments&post=27"}],"version-history":[{"count":71,"href":"https:\/\/www.mediacionfamiliarmauu.cl\/index.php?rest_route=\/wp\/v2\/pages\/27\/revisions"}],"predecessor-version":[{"id":322,"href":"https:\/\/www.mediacionfamiliarmauu.cl\/index.php?rest_route=\/wp\/v2\/pages\/27\/revisions\/322"}],"wp:attachment":[{"href":"https:\/\/www.mediacionfamiliarmauu.cl\/index.php?rest_route=%2Fwp%2Fv2%2Fmedia&parent=27"}],"curies":[{"name":"wp","href":"https:\/\/api.w.org\/{rel}","templated":true}]}}